) a composite number?
False
Let t(a) = 304*a + 27. Let r be (46 - 44)*7*1. Is t(r) a prime number?
True
Suppose -5*m = -4*h + 303038, 4*h + 5*m - 126559 = 176539. Is h prime?
True
Let n(y) = -2*y. Let c(t) = 5*t - 1. Let h(g) = -3*c(g) - 8*n(g). Let x be h(9). Let q(a) = a**3 - 11*a**2 + 8*a + 29. Is q(x) composite?
False
Suppose -3*v = i + 21125, 0 = 5*v - 4*i + 27558 + 7673. Let k = v + 17946. Is k a prime number?
True
Let x be ((-22)/4 - -3)/((-2)/20). Suppose x - 31 = u. Let r(f) = -766*f - 13. Is r(u) prime?
True
Suppose 14 = u + 3*i, -2*i + 17 = 4*u - 3*i. Suppose -u*d - 3*d + 9208 = 0. Is d composite?
False
Suppose -2*t - 5*z + 132017 = 0, -3549*z = -3*t - 3554*z + 198018. Is t a prime number?
False
Let l = 33 + 210. Is 1/(-9) + 119826/l a prime number?
False
Let q(x) = 14*x + 11 + 14*x + 18*x + 11. Let m be q(-16). Is (-6)/12*m/3 composite?
True
Let d be ((11 - 5) + -7)*0. Suppose d = -4*o + 5*f + 632, 5*o + 6*f = f + 790. Is o prime?
False
Let z(b) = -52085*b**2 - 12*b + 12. Let t(y) = 26042*y**2 + 7*y - 6. Let k(s) = 5*t(s) + 2*z(s). Is k(1) a prime number?
False
Let i(t) = -t**3 - 6*t**2 - 10*t - 13. Let b be i(-5). Suppose b*k - 4062 = 6*k. Is k a prime number?
True
Suppose -52*m = -4*c - 49*m + 1065, 4*c - 2*m - 1070 = 0. Suppose 0 = 3*o - c - 7599. Is o a prime number?
False
Suppose 3 - 13 = -5*i. Suppose -2*m + i = -m. Suppose 4*r + 388 = 3*x - 235, m*r = -10. Is x composite?
True
Let d(l) = 317*l + 1595. Is d(34) a composite number?
False
Suppose -24*z + 2*u + 2357122 = -20*z, -2357094 = -4*z - 2*u. Is z a prime number?
False
Let o be (-2)/6*932472/54. Let u = o + 8130. Is u prime?
False
Suppose 11*s + 109276 = -16*a + 19*a, -3*a + 109388 = 5*s. Is a prime?
True
Let u = -501 + 974. Is u a composite number?
True
Let c = -19409 + 12434. Let w = c + 13042. Let f = w - 2904. Is f a composite number?
False
Suppose -74*f + 73873063 = 245*f. Is f a prime number?
False
Let t = 54 + -62. Is (-5)/3*-681 - (t - -4) composite?
True
Let i(g) = -4751*g + 1407. Is i(-2) a composite number?
False
Suppose -33 = -o - 39. Is (11 + o)/(-20)*-3004 composite?
False
Suppose 45 = 2*c - 5*c. Let u(g) = -30*g + 2. Let t(s) = -61*s - 2. Let x(q) = 3*t(q) - 5*u(q). Is x(c) a prime number?
True
Let q be (8/6)/(2/(-2085)). Let s = q + 3193. Is s a composite number?
True
Let t(j) = 2083*j**3 - 9*j**2 - 13*j + 112. Is t(5) a prime number?
False
Let x = 51971 + -26160. Suppose 43009 = -2*b + 7*b + 3*v, 0 = 3*b - v - x. Is b composite?
True
Let g be (-2 - -1) + -2 + 6 + 27. Suppose 2*x - g = 5*q - 15, -15 = -4*x - 5*q. Suppose x*b = 3*t + 6568, -2*b + 6*t - 2*t = -2630. Is b composite?
True
Suppose -2*z - 27*z - 484232 + 1610099 = 0. Is z a prime number?
False
Let i = 225917 + -4354. Is i prime?
False
Let g be (0 - -4) + 4/(4 - 0). Suppose q - 4912 = -j, -1 = 2*j + g. Is q a prime number?
False
Let v(q) = 6*q**2 - 34*q - 832. Let s be v(18). Let o be (20/(-6))/((-2)/48). Suppose o = 4*n - s. Is n a prime number?
False
Let h = -90 - -116. Suppose 6 - h = -j - 4*z, -2*j = -4*z + 20. Suppose 2*n + 2 = j, -407 = -v - 2*n - 0*n. Is v prime?
True
Let l = 5 - 1. Let k(d) be the first derivative of 5*d**4 - d**3/3 - 5*d**2/2 - d + 333. Is k(l) a composite number?
True
Suppose -2*o + 2*s - 3 = -1, -2*s + 26 = 4*o. Let c be (-68)/(-3)*(-27)/(-1). Suppose c + 32 = o*i. Is i a prime number?
False
Suppose 4*t - 4 = g + 2*t, 3*g = 2*t - 4. Suppose 30*n + 2*n - 11936 = g. Is n composite?
False
Suppose 224197 = 5*v - 3*x, 0 = -14*x + 10*x - 16. Is v a composite number?
True
Let p(w) be the second derivative of -39*w**5/10 + w**4/3 - 7*w**3/6 + w**2/2 + 49*w. Is p(-6) a prime number?
False
Let p(f) be the second derivative of -13*f**3 - 21*f**2/2 + 9*f. Let v be p(-5). Suppose 3*t = 1422 + v. Is t composite?
True
Let d = -42 - -19. Let f(v) = -v**3 - 18*v**2 + 27*v - 41. Is f(d) prime?
False
Suppose -3*f + 5*z = -322047, 4*z - 25146 = f - 132509. Is f a prime number?
True
Let h = -3 + 7. Suppose 4*y + c = 17, 0 = 2*y - 3*y + h*c. Suppose y*x - 3452 = -0*x. Is x composite?
False
Let d = -149403 - -220966. Is d a composite number?
False
Let m(w) = 21*w**2 + 3*w - 4. Suppose -f - 3 - 2 = 0. Let i be m(f). Suppose 5*q - i = 1109. Is q a prime number?
False
Let y be (-2 + 35/10)*(-20)/(-6). Let w(r) = -24*r**3 + 33*r - 16*r - 16*r + y*r**2 - 7. Is w(-3) a prime number?
True
Let o(x) = 80*x + 5. Let z be o(4). Suppose -v - 12341 = -42*v. Suppose 0 = -j + 6*p - 4*p + z, j + 4*p = v. Is j a composite number?
False
Let q = -11 + 6. Let c be 6/(-6*q/20). Suppose -4*a = -3*k + c*k - 393, -2 = -2*a. Is k a prime number?
True
Suppose 3*w = -2*m + 57074, 30*m - 142685 = 25*m - 4*w. Is m composite?
False
Let z(n) = -384*n - 61. Let d be z(-8). Let q = -2125 + d. Is q a composite number?
True
Let v = -143389 - -823446. Is v a prime number?
False
Let c(n) = 14*n**3 - 3*n**2 - 4*n - 6. Let i be c(-4). Let g(u) = 83*u + 641. Let t be g(12). Let y = t + i. Is y composite?
True
Let s = 1993 - -212. Let b = 5 - 2. Suppose 0 = t - 3*q - 565, -q = b*t + 550 - s. Is t prime?
False
Suppose -4*s - 7*s = -55. Is 9 - (s - (3 + 6)) composite?
False
Suppose 39 = -0*k - 3*k. Let y(l) be the second derivative of -7*l**3/6 + 12*l**2 + 2*l. Is y(k) a prime number?
False
Let g(p) = -2*p**3 + 5*p**3 - 5*p**3 + 21*p - 9*p**2 + 1. Is g(-9) prime?
True
Suppose 3*p = 3*a + 3619 + 2945, 3*a = 4*p - 8756. Let y(z) = 87*z**2 + 14*z - 45. Let s be y(6). Let l = s - p. Is l a prime number?
False
Is 255406*((-140)/16 + 9)*4 a composite number?
True
Let w = 33396 - -9778. Is w composite?
True
Suppose -8 = 2*c - 50. Is c/28 - 229138/(-8) composite?
False
Let r = 1051082 + -644319. Is r a prime number?
False
Suppose -252*s + 516*s = 288*s - 6589896. Is s prime?
True
Let g(t) = -7*t - 4*t**3 - 3*t - 22*t + 77 + 0*t**3 - 16 - 17*t**2. Is g(-16) a composite number?
True
Is (-2108638)/(-42) - 35/(-15)*12/21 composite?
False
Let o = -37763 + 80244. Is o prime?
False
Let b(p) = 8*p**2 - 4*p + 11. Let w be 7050/175 + 4/(-14). Suppose -3*j + w = 2*j. Is b(j) composite?
False
Suppose 15*q + 6*q = -775383. Let r = 62122 + q. Is r composite?
True
Let f(o) = -30*o + 143. Suppose -5*d + 186 = -11*d. Is f(d) a prime number?
False
Let g = 41 + -43. Let o be g*(3 - (-2030)/(-4)). Suppose -8*f = -7*f - o. Is f a composite number?
False
Let t(g) = g**3 - 13*g**2 + 20*g - 37. Let u = 71 + -56. Is t(u) prime?
False
Suppose 10*o + 1619 = 359. Let y(u) = 115*u - 12. Let v be y(5). Let w = o + v. Is w a composite number?
True
Let g be (-8)/6 + (-7)/(-21). Let y be 1016 - (3 - (g - -3)). Suppose -4*u - y = -9*u. Is u composite?
True
Let u = 234 - 229. Suppose -u*y - 4*y = -2421. Is y a composite number?
False
Let q be -8 - (-5 - -2)*(-1)/(-1). Is (7324/(-8) - -4)*(3 + q) composite?
False
Suppose 4289 = 4*u - 1083. Suppose -2*c = -5*z - 3906 + u, -4*c = 4*z - 5140. Suppose 0 = -3*b - 2*l + 1429, -4*l + c + 137 = 3*b. Is b a prime number?
True
Let d(n) be the first derivative of 2721*n**4/4 - 2*n**3/3 - n**2 + 2*n + 48. Is d(1) prime?
True
Let c(f) = -f**3 - 7*f**2 + 14*f - 38. Let n be c(-13). Suppose 0 = -176*p + 174*p + n. Is p a prime number?
True
Let b(s) = s**3 - 2*s**2 - 20*s + 56. Let l be b(3). Suppose l*x = -3*f + 5588, 2697 + 2889 = 5*x + f. Is x a prime number?
True
Let s(n) = -4*n**3 - 20*n**2 + 82*n + 129. Is s(-19) composite?
False
Let v(p) = -9929*p**3 - 3*p**2 - 3*p - 2. Let k be v(-1). Let y = 19174 - k. Is y prime?
False
Let s(w) = -176*w - 2. Let h be s(-13). Suppose h = 10*o - 10204. Is o prime?
True
Suppose -1330636 = 90*j - 5380186. Is j prime?
False
Let z(l) = -1584*l + 103. Is z(-13) a composite number?
True
Let n = 25655 + 234. Is n a prime number?
True
Suppose -7*p - 166 = 100. Let l = p + 34. Is l/2 - -317*3 a prime number?
False
Let o be 1098/(-4)*(-50)/(-75). Let i = 814 + o. Is i a composite number?
False
Suppose -q - 657142 - 597765 = -2*g, 3*g - q = 1882356. Is g a composite number?
False
Suppose 9*q - 1267 = 803. Suppose -g - q = -51. Let a = 442 + g. Is a a composite number?
False
Suppose -4*s - 3849257 = -3*a, 2566174 = 75*a - 73*a - 4*s. Is a a prime number?
True
Let u(h) = 113*h**2 - 28*h + 149. Let g be (-3724)/(-637) + (-4)/(-26). Is u(g) prime?
True
Suppose 2*f = 17*f - 60. Suppose -f*q = 5*l - 4613 - 2208,